 15) to base 2.
-10011110
What is -4 (base 5) in base 2?
-100
What is -8 (base 16) in base 12?
-8
Convert 2 (base 16) to base 8.
2
What is 2 (base 4) in base 15?
2
Convert 2 (base 9) to base 16.
2
Convert -1 (base 4) to base 5.
-1
What is 304 (base 11) in base 14?
1c3
0 (base 5) to base 9
0
Convert -12 (base 7) to base 9.
-10
Convert 175 (base 8) to base 14.
8d
Convert 10000110 (base 2) to base 9.
158
What is -4 (base 12) in base 5?
-4
-213 (base 7) to base 8
-154
Convert 1 (base 8) to base 2.
1
33 (base 7) to base 9
26
What is 154 (base 6) in base 14?
50
Convert 1 (base 5) to base 6.
1
What is -1 (base 9) in base 4?
-1
102 (base 4) to base 10
18
Convert 5 (base 9) to base 16.
5
-120 (base 4) to base 10
-24
What is 4 (base 5) in base 13?
4
Convert -186 (base 15) to base 13.
-210
Convert -1101 (base 2) to base 14.
-d
Convert -30 (base 6) to base 2.
-10010
What is 3 (base 9) in base 3?
10
What is 65 (base 7) in base 16?
2f
What is 100 (base 7) in base 10?
49
-5 (base 9) to base 10
-5
What is 2c (base 13) in base 15?
28
What is -6 (base 10) in base 7?
-6
Convert -304 (base 6) to base 3.
-11011
What is 2 (base 13) in base 3?
2
What is 12 (base 15) in base 4?
101
What is -1 (base 6) in base 9?
-1
-1 (base 14) to base 5
-1
What is 31 (base 5) in base 6?
24
-1 (base 13) to base 12
-1
What is 0 (base 10) in base 8?
0
110101 (base 2) to base 10
53
-14 (base 8) to base 2
-1100
Convert -42 (base 11) to base 14.
-34
What is 301 (base 5) in base 7?
136
Convert 1a (base 12) to base 9.
24
-104 (base 10) to base 7
-206
What is 4 (base 5) in base 11?
4
-9e (base 15) to base 7
-302
What is -9 (base 15) in base 14?
-9
What is -19 (base 12) in base 10?
-21
2 (base 13) to base 7
2
Convert 3 (base 4) to base 5.
3
Convert -140 (base 5) to base 11.
-41
0 (base 3) to base 8
0
5 (base 16) to base 3
12
What is 0 (base 13) in base 5?
0
What is 12 (base 9) in base 8?
13
-86 (base 9) to base 16
-4e
What is -6 (base 14) in base 12?
-6
Convert -1 (base 5) to base 16.
-1
What is 100 (base 2) in base 4?
10
23 (base 15) to base 13
27
What is 245 (base 8) in base 4?
2211
-4 (base 8) to base 4
-10
Convert 26 (base 11) to base 6.
44
What is -11 (base 6) in base 12?
-7
What is -161 (base 7) in base 9?
-112
Convert 10 (base 6) to base 9.
6
What is 11 (base 8) in base 2?
1001
What is 2 (base 3) in base 15?
2
What is -120 (base 3) in base 8?
-17
Convert 0 (base 4) to base 8.
0
Convert -284 (base 11) to base 16.
-14e
Convert -4 (base 12) to base 14.
-4
-38 (base 15) to base 9
-58
Convert 2 (base 10) to base 13.
2
-40 (base 15) to base 14
-44
Convert 8c (base 14) to base 2.
1111100
Convert -4 (base 10) to base 13.
-4
Convert 22 (base 4) to base 5.
20
-25 (base 9) to base 3
-212
-36 (base 8) to base 9
-33
Convert 9 (base 15) to base 8.
11
Convert -38 (base 10) to base 7.
-53
What is 401 (base 6) in base 8?
221
What is 46 (base 14) in base 8?
76
21 (base 3) to base 9
7
Convert 23 (base 4) to base 7.
14
What is -6 (base 9) in base 6?
-10
What is -111 (base 3) in base 6?
-21
What is -5 (base 8) in base 6?
-5
Convert -8b (base 14) to base 13.
-96
What is -6 (base 14) in base 8?
-6
What is 1011 (base 3) in base 10?
31
-1 (base 13) to base 10
-1
Convert -3 (base 13) to base 15.
-3
What is -4 (base 16) in base 9?
-4
What is 4c (base 13) in base 8?
100
What is 1 (base 4) in base 10?
1
What is c (base 15) in base 3?
110
11 (base 12) to base 7
16
-205 (base 7) to base 13
-7c
-11 (base 11) to base 3
-110
Convert 12020 (base 3) to base 11.
119
What is -101 (base 3) in base 13?
-a
What is 1 (base 14) in base 3?
1
Convert 29 (base 12) to base 5.
113
Convert 4 (base 16) to base 15.
4
114 (base 6) to base 16
2e
1 (base 8) to base 12
1
What is 1 (base 13) in base 16?
1
What is 11 (base 6) in base 14?
7
Convert -a (base 16) to base 15.
-a
11 (base 13) to base 5
24
What is -3 (base 11) in base 12?
-3
-12 (base 4) to base 7
-6
What is -1 (base 13) in base 16?
-1
Convert -125 (base 14) to base 8.
-345
What is -143 (base 5) in base 3?
-1210
What is 5 (base 11) in base 3?
12
What is c (base 16) in base 5?
22
What is -3 (base 8) in base 3?
-10
-334 (base 7) to base 13
-103
3 (base 6) to base 3
10
24 (base 15) to base 13
28
What is -213 (base 8) in base 4?
-2023
33 (base 7) to base 13
1b
Convert 10 (base 2) to base 4.
2
5 (base 8) to base 12
5
Convert 2112 (base 3) to base 11.
62
-9 (base 10) to base 11
-9
-3 (base 4) to base 11
-3
-2 (base 16) to base 7
-2
-6 (base 11) to base 10
-6
Convert 3 (base 11) to base 5.
3
230 (base 4) to base 10
44
-615 (base 7) to base 8
-462
What is 4 (base 9) in base 2?
100
-1001 (base 2) to base 7
-12
4 (base 14) to base 5
4
Convert -10 (base 3) to base 6.
-3
What is -13 (base 11) in base 7?
-20
Convert a (base 11) to base 8.
12
-1 (base 3) to base 15
-1
What is -10 (base 2) in base 13?
-2
4 (base 5) to base 2
100
What is 25 (base 16) in base 13?
2b
What is 40 (base 16) in base 14?
48
Convert 0 (base 2) to base 8.
0
1132 (base 4) to base 5
334
Convert -2 (base 9) to base 7.
-2
What is 2221 (base 4) in base 15?
b4
Convert -34 (base 5) to base 9.
-21
1 (base 14) to base 5
1
Convert 1 (base 6) to base 8.
1
Convert -1 (base 4) to base 6.
-1
10111 (base 2) to base 8
27
What is -14 (base 12) in base 14?
-12
Convert -3 (base 10) to base 3.
-10
What is -156 (base 13) in base 7?
-462
-4 (base 7) to base 8
-4
What is -3 (base 7) in base 2?
-11
What is -1 (base 15) in base 2?
-1
What is -101 (base 2) in base 3?
-12
-2 (base 5) to base 14
-2
What is -76 (base 8) in base 14?
-46
-1 (base 13) to base 14
-1
What is 2 (base 13) in base 6?
2
-1 (base 5) to base 7
-1
Convert 151 (base 7) to base 9.
104
What is -10011 (base 2) in base 5?
-34
Convert -1122 (base 4) to base 9.
-110
-20 (base 6) to base 11
-11
Convert 510 (base 6) to base 11.
15a
Convert 188 (base 11) to base 9.
261
a5 (base 11) to base 12
97
Convert -2 (base 4) to base 10.
-2
What is -24 (base 9) in base 11?
-20
-1b (base 15) to base 3
-222
Convert -2 (base 16) to base 14.
-2
Convert a5 (base 14) to base 12.
101
-202 (base 5) to base 12
-44
What is -5 (base 15) in base 6?
-5
-2 (base 12) to base 10
-2
36 (base 11) to base 14
2b
What is -11 (base 10) in base 2?
-1011
23 (base 9) to base 16
15
Convert 0 (base 9) to base 12.
0
Convert 202 (base 5) to base 10.
52
What is -8 (base 10) in base 8?
-10
What is 2 (base 11) in base 7?
2
What is 138 (base 9) in base 7?
224
What is 1a2 (base 13) in base 5?
2201
What is -37 (base 13) in base 11?
-42
What is -2 (base 9) in base 7?
-2
7 (base 15) to base 16
7
Convert -24 (base 8) to base 9.
-22
What is -12 (base 5) in base 6?
-11
-2 (base 11) to base 12
-2
What is 1 (base 13) in base 7?
1
What is 55 (base 7) in base 5?
130
Convert -1 (base 7) to base 9.
-1
What is -54 (base 16) in base 10?
-84
Convert -1 (base 15) to base 10.
-1
Convert -4 (base 7) to base 15.
-4
Convert -240 (base 12) to base 11.
-286
What is 5 (base 8) in base 2?
101
Convert -11 (base 11) to base 14.
-c
13 (base 5) to base 6
12
What is -58 (base 11) in base 16?
-3f
What is 2 (base 16) in base 13?
2
-19 (base 15) to base 6
-40
42 (base 7) to base 13
24
-5 (base 8) to base 14
-5
What is -211 (base 8) in base 15?
-92
Convert 3201 (base 4) to base 16.
e1
22 (base 7) to base 10
16
Convert -1 (base 4) to base 2.
-1
-4 (base 14) to base 9
-4
What is -10 (base 6) in base 9?
-6
What is -3 (base 4) in base 6?
-3
What is 15 (base 11) in base 10?
16
Convert 0 (base 5) to base 14.
0
11210 (base 3) to base 5
1004
What is -120 (base 5) in base 11?
-32
What is -1100 (base 2) in base 8?
-14
What is 41 (base 9) in base 13?
2b
What is -12 (base 5) in base 2?
-111
Convert 10 (base 10) to base 7.
13
What is -12 (base 6) in base 3?
-22
What is 348 (base 9) in base 7?
560
Convert -111 (base 2) to base 13.
-7
What is 122 (base 3) in base 9?
18
Convert 2 (base 15) to base 4.
2
What is 0 (base 2) in base 9?
0
Convert 24 (base 16) to base 9.
40
What is 8 (base 10) in base 2?
1000
1001 (base 4) to base 3
2102
Convert -10011110 (base 2) to base 4.
-2132
25 (base 9) to base 11
21
-28 (base 10) to base 13
-22
-3 (base 4) to base 5
-3
Convert 33 (base 4) to base 8.
17
What is -11001 (base 2) in base 4?
-121
Convert -512 (base 8) to base 3.
-110020
What is -10122 (base 4) in base 6?
-1150
Convert 5c (base 13) to base 4.
1031
Convert -2 (base 4) to base 13.
-